he prime factors of o(-1)?
2
Let a(r) = -r**3 + 6*r**2 - 3*r - 4. Suppose -5*q = -u - 9, u - 3*q = -1 - 2. Let l be a(u). Let s = 44 + l. What are the prime factors of s?
2, 11
Suppose -n = -4*x - 388, -4*x + 38 - 410 = 3*n. Suppose -c - c = 8. List the prime factors of (x/(-15))/c*-5.
2
Let b = -29 - -11. Let j be (-4)/(-16) - 1209/4. What are the prime factors of j/b - 10/(-45)?
17
Let g(p) = -7*p - 2*p**3 + 4*p**3 - 9 - 3*p**3 + 10*p**2. Let x be g(9). Suppose 0*n = -3*n + x. What are the prime factors of n?
3
Let f be (-2)/3*6/(-4). Suppose 4*s + f - 17 = 0. List the prime factors of ((-2)/s)/((-2)/52).
13
Let h(o) = -23*o**2 - 4*o - 3. Let l be h(-2). Suppose -3*k + 2*k - 9 = 0. List the prime factors of l/k - (-2)/6.
2, 5
Suppose 5*m + 19 = 304. Let q = -31 - 10. Let k = m + q. What are the prime factors of k?
2
What are the prime factors of (-1)/(-2)*(-3 + 73)?
5, 7
What are the prime factors of (-322)/4*4/(-2)?
7, 23
Let d(i) = 2*i**2 + 15*i - 51. List the prime factors of d(-20).
449
Let l(p) = -p**3 + 5*p**2 + 7*p + 3. Let g be l(6). List the prime factors of (30/g)/(1/3).
2, 5
Suppose -3*v - 85 + 22 = 0. Let m be (1 + 1)/((-14)/v). Suppose -4*c + 43 = 3*u + 2*u, 0 = 2*u + m*c - 20. List the prime factors of u.
7
Suppose j - 6*j = -125. What are the prime factors of j?
5
Suppose -3*p - 2*p = -25. Suppose -p*x = -3*r - 6 - 84, 4*x + 2*r - 50 = 0. What are the prime factors of x?
3, 5
Let x(h) = -h**2 - 12*h - 5. List the prime factors of x(-5).
2, 3, 5
Let t(v) = 4*v + 1. Let j be t(1). Suppose -7 = -j*s + 73. List the prime factors of s.
2
Let d = 14 + -28. Let h = d + 25. What are the prime factors of h?
11
What are the prime factors of 2 - 3*3/(-9) - -87?
2, 3, 5
Let m(v) = v**2 - v - 7. What are the prime factors of m(5)?
13
Let d be (-4)/(-12) - 1/3. Suppose d = 3*k - k + 18. What are the prime factors of 2/6 - 33/k?
2
Let n(j) = -j**3 - 15*j**2 + j - 8. What are the prime factors of n(-16)?
2, 29
Let o = 12 - 7. Suppose -o*g + 8 = -2. List the prime factors of (-3 + g)*1*-9.
3
Suppose 2*h = -h - 57. List the prime factors of (h/(-3))/(4/12).
19
Suppose -4*d + 5*d - 26 = 0. List the prime factors of d.
2, 13
Let z = -10 + 4. List the prime factors of (-4)/z + 40/12.
2
Let y(x) be the second derivative of 5/6*x**3 + 7/12*x**4 + 1/20*x**5 + 3*x**2 + 0 + 2*x. What are the prime factors of y(-6)?
2, 3
Suppose 0*a = -a + 4. Suppose a*z + 0*z + 16 = x, 1 = -z. List the prime factors of x.
2, 3
Suppose 16*t - 13*t - 33 = 0. List the prime factors of t.
11
Let f(j) = -j**3 - 38. Let q be f(0). List the prime factors of -6*(3 + q/6).
2, 5
Suppose 2*p = 115 + 17. List the prime factors of p.
2, 3, 11
Suppose -f + 0*v = v - 7, -4*f + 10 = -5*v. Suppose -2*c = -f*c + 21. What are the prime factors of c?
7
Suppose 0 = -j - 2*j + 18. List the prime factors of j.
2, 3
What are the prime factors of 70 - -7 - (1 + 3)?
73
Let x(h) = 3*h + 6. Let f be x(-4). Let z = f + 17. Suppose 0 = -2*b + q + 17, 2*b + q - z = 4*q. List the prime factors of b.
2, 5
Let g(f) = -f**3 - 23*f**2 - 9*f + 18. What are the prime factors of g(-23)?
3, 5
Let i = 8 - -2. Let v be 3 - -1 - 4/4. Suppose -5*w = -i, w - 22 = -v*o + 43. List the prime factors of o.
3, 7
Let v(h) = -h**3 - 5*h**2 + 6*h - 4. Let l be v(-6). Suppose 0 = 2*p - p - 3. List the prime factors of l/(-12) + 35/p.
2, 3
Let c(t) = 3*t**3 + t**2 - 2*t + 2. What are the prime factors of c(2)?
2, 13
Let f(p) = -3*p + 3 - 2*p + p + p. Let c be f(4). What are the prime factors of (c/4)/(9/(-24))?
2, 3
Suppose 5*d = -w + 211, 0 + 3 = 3*w. List the prime factors of d.
2, 3, 7
Let x = -19 - 3. Let z = -10 - x. List the prime factors of z.
2, 3
List the prime factors of (-56)/(-12) - (-2)/6.
5
Suppose -2*k - 51 = k - m, 2*k + 21 = 5*m. List the prime factors of (-235)/(-45) + 4/k.
5
Let v(r) = 5*r**2 - r - 1. Let w be v(-1). Let d(p) = -6*p + 5 - w. List the prime factors of d(-1).
2, 3
Let t = -18 - -86. List the prime factors of t.
2, 17
Let h be 0*3*(-2)/(-18). Suppose h*p - 16 = -4*p. What are the prime factors of p?
2
Let o(p) = -6*p + 5. Let z be o(-5). Suppose 0 = -2*r - 3*r - z. Let b(s) = -s**3 - 8*s**2 - 9*s - 9. What are the prime factors of b(r)?
5
Let x be (-18)/7*(-28)/6. Suppose -2*p - 5*b = -x - 113, -p - 3*b = -64. Let v = -33 + p. List the prime factors of v.
2, 11
Let o(i) = 7*i**3 + i**2 - 4*i + 3. List the prime factors of o(2).
5, 11
Let r = 13 + -4. Suppose 0 = -t + r + 42. List the prime factors of t.
3, 17
Suppose -4*m - 3 = -5*m. Suppose -m*f = 45 - 204. List the prime factors of f.
53
Let g(c) be the first derivative of -c**3/3 + 4*c + 2. Let j be g(0). Suppose 21 + 50 = 5*i - j*s, 3*i - 45 = 3*s. List the prime factors of i.
11
Let o(x) = -x**3 + 9*x**2 - 3. Let y be o(9). Let c = -1 - y. List the prime factors of c.
2
Let r(i) = 3*i**2 + 7*i + 8. What are the prime factors of r(-4)?
2, 7
Suppose -4*u - 446 = -g, -2*u - 4*g = -0*g + 214. Let b = -70 - u. Suppose 6 - b = -5*c. What are the prime factors of c?
7
Suppose -4 = j - 2*j. What are the prime factors of (-2)/j + 15/2?
7
Let u(c) = -13*c - 4. What are the prime factors of u(-5)?
61
Suppose 4*n + 125 = 329. List the prime factors of n.
3, 17
Suppose 48 + 168 = 4*o. Suppose 0 = -4*c - o - 2. What are the prime factors of (-1)/(-1 - c/16)?
2
Let t = 14 + -10. Suppose c - t*c + 4*b = -31, -2*b = -c + 13. What are the prime factors of c?
5
Let u = 81 + 36. What are the prime factors of u?
3, 13
Suppose 0 = -3*y - 19 + 4, 0 = -2*t + y + 21. List the prime factors of t.
2
Let y = 96 + -52. Let o = -27 + y. What are the prime factors of o?
17
Let c = -10 + 13. Let g(u) = -7*u + 3*u + 8 + c*u + 2*u. What are the prime factors of g(-4)?
2
What are the prime factors of (-2)/5*(4 - 169)?
2, 3, 11
Suppose 4*k - 30 = 2*b, -5*k + 2*b - 33 = -10*k. What are the prime factors of k?
7
Let u(j) = 5*j + 9. List the prime factors of u(6).
3, 13
Suppose -6 = 4*b + 18. Let w(s) = -s**2 - 9*s - 6. Let k be w(b). Suppose -2*r - 46 = -2*y, 3*r = -2*y + k + 19. What are the prime factors of y?
2, 5
Let w(l) be the third derivative of l**5/15 + l**4/12 + 7*l**3/6 - 2*l**2. What are the prime factors of w(-3)?
37
Suppose -2*k + 4 = -p, 5 = -5*p - 15. Suppose k*j - 18 = -3*j. List the prime factors of j.
2, 3
Let i(v) = v**2 + v + 3. List the prime factors of i(-7).
3, 5
Suppose -2*i - 4 + 40 = 0. What are the prime factors of i?
2, 3
Let j(i) = -i**3 + 2*i**2 + 2*i + 3. Let q be j(4). Let d be 1/(-2) - (-58)/(-4). Let m = d - q. List the prime factors of m.
2, 3
List the prime factors of (1 + 1)/(3/((-729)/(-2))).
3
Let l(j) = -j**2 + 12*j - 6. Let u be l(8). Let q = u - -5. What are the prime factors of q?
31
Suppose 5*q = 4*q. Suppose j - 3*c = 13, -2*j + 3*c + 1 = 2*c. Let k = q - j. What are the prime factors of k?
2
Suppose -2*a - 24 = 2*a. Let t = a - -8. List the prime factors of t.
2
Suppose 5*f = 5*n - 80, 2*n - f = 4*f + 32. List the prime factors of n.
2
Let u(p) = -p**2 - 11*p + 10. Let y = -2 - 7. What are the prime factors of u(y)?
2, 7
Let n = 283 - 175. Suppose -3*v + 81 = 3*k, 2*v - n + 2 = -4*k. List the prime factors of k.
2, 13
Let m be (6/(-10))/(3/(-15)). Suppose 1 - m = -x. Suppose -j - s = j - 13, -j + s = -x. List the prime factors of j.
5
Let w(y) = -y**3 - 7*y**2 - 4*y + 4. Let q be w(-6). Let r be 3 - (q - (-6)/(-3)). Suppose r = h + 5*l, -6 - 33 = -3*h - 4*l. What are the prime factors of h?
13
Let u = 56 + -46. List the prime factors of u.
2, 5
Let x be 3 + 2 + -5 + 3. Let m(f) = 26*f**2 + f + 10*f**x - 26*f**2. What are the prime factors of m(1)?
11
Let i(m) = 4*m + 2. List the prime factors of i(6).
2, 13
Let i(c) = c**3 + 8*c**2 - 10*c - 12. Let n be i(-9). Let x = 0 - n. Let u = 8 + x. List the prime factors of u.
11
Suppose 0 = 2*a + 2, a = t - 4*a - 12. List the prime factors of (-2 - 52/(-14))*t.
2, 3
Let p(b) = -32*b - 3. List the prime factors of p(-7).
13, 17
Let y = -8 - -11. Suppose 4*r - 44 = 4*a, -y*r + 2*a = -6*r + 13. What are the prime factors of (-160)/(-28) - (-2)/r?
2, 3
Suppose -2*b - 3*c = -7*b + 34, 3*b - 2*c - 20 = 0. Suppose 2*s = 4*k + 7*s - 26, -k - 2*s = -b. List the prime factors of k.
2
Let m = 146 + -141. What are the prime factors of m?
5
What are the prime factors of 64/3 + 12/18?
2, 11
Le